{"id":634,"date":"2025-09-03T14:16:57","date_gmt":"2025-09-03T14:16:57","guid":{"rendered":"https:\/\/lerameau-psychotherapie.fr\/?page_id=634"},"modified":"2026-03-07T16:09:35","modified_gmt":"2026-03-07T16:09:35","slug":"autres","status":"publish","type":"page","link":"https:\/\/lerameau-psychotherapie.fr\/?page_id=634","title":{"rendered":"Autres"},"content":{"rendered":"\t\t<div data-elementor-type=\"wp-page\" data-elementor-id=\"634\" class=\"elementor elementor-634\" data-elementor-post-type=\"page\">\n\t\t\t\t<div class=\"elementor-element elementor-element-6c98d72 e-flex e-con-boxed e-con e-parent\" data-id=\"6c98d72\" data-element_type=\"container\" data-e-type=\"container\" data-settings=\"{&quot;background_background&quot;:&quot;classic&quot;}\">\n\t\t\t\t\t<div class=\"e-con-inner\">\n\t\t<div class=\"elementor-element elementor-element-97d4410 e-con-full e-flex e-con e-child\" data-id=\"97d4410\" data-element_type=\"container\" data-e-type=\"container\">\n\t\t\t\t<div class=\"elementor-element elementor-element-47eb137 elementor-widget elementor-widget-heading\" data-id=\"47eb137\" data-element_type=\"widget\" data-e-type=\"widget\" data-widget_type=\"heading.default\">\n\t\t\t\t<div class=\"elementor-widget-container\">\n\t\t\t\t\t<h2 class=\"elementor-heading-title elementor-size-default\">LE RAMEAU<\/h2>\t\t\t\t<\/div>\n\t\t\t\t<\/div>\n\t\t\t\t<div class=\"elementor-element elementor-element-9d98106 elementor-widget elementor-widget-heading\" data-id=\"9d98106\" data-element_type=\"widget\" data-e-type=\"widget\" data-widget_type=\"heading.default\">\n\t\t\t\t<div class=\"elementor-widget-container\">\n\t\t\t\t\t<h2 class=\"elementor-heading-title elementor-size-default\">Ateliers organis\u00e9s au Cabinet et interventions diverses<\/h2>\t\t\t\t<\/div>\n\t\t\t\t<\/div>\n\t\t\t\t<\/div>\n\t\t\t\t\t<\/div>\n\t\t\t\t<\/div>\n\t\t<div class=\"elementor-element elementor-element-755900d e-flex e-con-boxed e-con e-parent\" data-id=\"755900d\" data-element_type=\"container\" data-e-type=\"container\" data-settings=\"{&quot;background_background&quot;:&quot;classic&quot;}\">\n\t\t\t\t\t<div class=\"e-con-inner\">\n\t\t<div class=\"elementor-element elementor-element-8dd12bc e-con-full e-flex e-con e-child\" data-id=\"8dd12bc\" data-element_type=\"container\" data-e-type=\"container\">\n\t\t\t\t<div class=\"elementor-element elementor-element-be15748 elementor-widget elementor-widget-heading\" data-id=\"be15748\" data-element_type=\"widget\" data-e-type=\"widget\" data-widget_type=\"heading.default\">\n\t\t\t\t<div class=\"elementor-widget-container\">\n\t\t\t\t\t<h2 class=\"elementor-heading-title elementor-size-default\">Le Rameau \u0153uvre aussi \u00e0 restaurer l\u2019identit\u00e9 \u00e0 travers la formation<\/h2>\t\t\t\t<\/div>\n\t\t\t\t<\/div>\n\t\t\t\t<div class=\"elementor-element elementor-element-750c0aa elementor-widget elementor-widget-text-editor\" data-id=\"750c0aa\" data-element_type=\"widget\" data-e-type=\"widget\" data-widget_type=\"text-editor.default\">\n\t\t\t\t<div class=\"elementor-widget-container\">\n\t\t\t\t\t\t\t\t\t<div dir=\"auto\"><p>Une trilogie de s\u00e9minaires aborde trois th\u00e9matiques sp\u00e9cifiques et interd\u00e9pendantes (voir la rubrique \u00ab S\u00e9minaires \u00bb). Elle est compl\u00e9t\u00e9e par des ateliers d\u2019une journ\u00e9e, organis\u00e9s en petits groupes pour favoriser l\u2019interactivit\u00e9 entre les participants. Des interventions peuvent \u00e9galement \u00eatre propos\u00e9es \u00e0 la demande des \u00e9glises, des associations, lors de rencontres de femmes ou encore au sein de groupes de maison.<\/p><\/div>\t\t\t\t\t\t\t\t<\/div>\n\t\t\t\t<\/div>\n\t\t\t\t<div class=\"elementor-element elementor-element-6501e97 elementor-align-center elementor-widget elementor-widget-button\" data-id=\"6501e97\" data-element_type=\"widget\" data-e-type=\"widget\" data-widget_type=\"button.default\">\n\t\t\t\t<div class=\"elementor-widget-container\">\n\t\t\t\t\t\t\t\t\t<div class=\"elementor-button-wrapper\">\n\t\t\t\t\t<a class=\"elementor-button elementor-button-link elementor-size-sm\" href=\"https:\/\/lerameau-psychotherapie.fr\/seminaires\/\">\n\t\t\t\t\t\t<span class=\"elementor-button-content-wrapper\">\n\t\t\t\t\t\t\t\t\t<span class=\"elementor-button-text\">Les s\u00e9minaires<\/span>\n\t\t\t\t\t<\/span>\n\t\t\t\t\t<\/a>\n\t\t\t\t<\/div>\n\t\t\t\t\t\t\t\t<\/div>\n\t\t\t\t<\/div>\n\t\t\t\t<\/div>\n\t\t\t\t\t<\/div>\n\t\t\t\t<\/div>\n\t\t<div class=\"elementor-element elementor-element-1453e21 e-flex e-con-boxed e-con e-parent\" data-id=\"1453e21\" data-element_type=\"container\" data-e-type=\"container\" data-settings=\"{&quot;background_background&quot;:&quot;classic&quot;}\">\n\t\t\t\t\t<div class=\"e-con-inner\">\n\t\t<div class=\"elementor-element elementor-element-51cd9a5 e-con-full e-flex e-con e-child\" data-id=\"51cd9a5\" data-element_type=\"container\" data-e-type=\"container\" data-settings=\"{&quot;background_background&quot;:&quot;classic&quot;}\">\n\t\t\t\t<div class=\"elementor-element elementor-element-d719060 elementor-widget elementor-widget-heading\" data-id=\"d719060\" data-element_type=\"widget\" data-e-type=\"widget\" data-widget_type=\"heading.default\">\n\t\t\t\t<div class=\"elementor-widget-container\">\n\t\t\t\t\t<h3 class=\"elementor-heading-title elementor-size-default\"> Ateliers organis\u00e9s au Cabinet et interventions diverses<\/h3>\t\t\t\t<\/div>\n\t\t\t\t<\/div>\n\t\t\t\t<div class=\"elementor-element elementor-element-c752d99 elementor-widget elementor-widget-spacer\" data-id=\"c752d99\" data-element_type=\"widget\" data-e-type=\"widget\" data-widget_type=\"spacer.default\">\n\t\t\t\t<div class=\"elementor-widget-container\">\n\t\t\t\t\t\t\t<div class=\"elementor-spacer\">\n\t\t\t<div class=\"elementor-spacer-inner\"><\/div>\n\t\t<\/div>\n\t\t\t\t\t\t<\/div>\n\t\t\t\t<\/div>\n\t\t\t\t<\/div>\n\t\t\t\t\t<\/div>\n\t\t\t\t<\/div>\n\t\t<div class=\"elementor-element elementor-element-6c37643 e-flex e-con-boxed e-con e-parent\" data-id=\"6c37643\" data-element_type=\"container\" data-e-type=\"container\" data-settings=\"{&quot;background_background&quot;:&quot;classic&quot;}\">\n\t\t\t\t\t<div class=\"e-con-inner\">\n\t\t<div class=\"elementor-element elementor-element-09b8ba9 e-con-full e-flex e-con e-child\" data-id=\"09b8ba9\" data-element_type=\"container\" data-e-type=\"container\">\n\t\t\t\t<div class=\"elementor-element elementor-element-9ea10df elementor-widget elementor-widget-heading\" data-id=\"9ea10df\" data-element_type=\"widget\" data-e-type=\"widget\" data-widget_type=\"heading.default\">\n\t\t\t\t<div class=\"elementor-widget-container\">\n\t\t\t\t\t<h2 class=\"elementor-heading-title elementor-size-default\">Entrons en relation<\/h2>\t\t\t\t<\/div>\n\t\t\t\t<\/div>\n\t\t\t\t<div class=\"elementor-element elementor-element-7d9d2dd elementor-widget elementor-widget-text-editor\" data-id=\"7d9d2dd\" data-element_type=\"widget\" data-e-type=\"widget\" data-widget_type=\"text-editor.default\">\n\t\t\t\t<div class=\"elementor-widget-container\">\n\t\t\t\t\t\t\t\t\t<p style=\"font-weight: 400;\">Vous avez une question, un projet, ou simplement le d\u00e9sir de me partager quelque chose\u00a0?<br \/>N\u2019h\u00e9sitez pas \u00e0 m\u2019\u00e9crire. Je prendrai le temps de vous r\u00e9pondre avec attention.\u00a0<\/p>\t\t\t\t\t\t\t\t<\/div>\n\t\t\t\t<\/div>\n\t\t\t\t<div class=\"elementor-element elementor-element-eb3fac1 elementor-align-left elementor-widget elementor-widget-button\" data-id=\"eb3fac1\" data-element_type=\"widget\" data-e-type=\"widget\" data-widget_type=\"button.default\">\n\t\t\t\t<div class=\"elementor-widget-container\">\n\t\t\t\t\t\t\t\t\t<div class=\"elementor-button-wrapper\">\n\t\t\t\t\t<a class=\"elementor-button elementor-button-link elementor-size-sm\" href=\"https:\/\/lerameau-psychotherapie.fr\/contact\/\">\n\t\t\t\t\t\t<span class=\"elementor-button-content-wrapper\">\n\t\t\t\t\t\t\t\t\t<span class=\"elementor-button-text\">Contact<\/span>\n\t\t\t\t\t<\/span>\n\t\t\t\t\t<\/a>\n\t\t\t\t<\/div>\n\t\t\t\t\t\t\t\t<\/div>\n\t\t\t\t<\/div>\n\t\t\t\t<\/div>\n\t\t<div class=\"elementor-element elementor-element-83e1f82 e-con-full e-flex e-con e-child\" data-id=\"83e1f82\" data-element_type=\"container\" data-e-type=\"container\">\n\t\t\t\t<div class=\"elementor-element elementor-element-e2f6cd1 elementor-widget elementor-widget-image\" data-id=\"e2f6cd1\" data-element_type=\"widget\" data-e-type=\"widget\" data-widget_type=\"image.default\">\n\t\t\t\t<div class=\"elementor-widget-container\">\n\t\t\t\t\t\t\t\t\t\t\t\t\t\t\t<img fetchpriority=\"high\" decoding=\"async\" width=\"500\" height=\"500\" src=\"https:\/\/lerameau-psychotherapie.fr\/wp-content\/uploads\/2025\/05\/1-1.png\" class=\"attachment-1536x1536 size-1536x1536 wp-image-489\" alt=\"colombe rameau\" srcset=\"https:\/\/lerameau-psychotherapie.fr\/wp-content\/uploads\/2025\/05\/1-1.png 500w, https:\/\/lerameau-psychotherapie.fr\/wp-content\/uploads\/2025\/05\/1-1-300x300.png 300w, https:\/\/lerameau-psychotherapie.fr\/wp-content\/uploads\/2025\/05\/1-1-150x150.png 150w\" sizes=\"(max-width: 500px) 100vw, 500px\" \/>\t\t\t\t\t\t\t\t\t\t\t\t\t\t\t<\/div>\n\t\t\t\t<\/div>\n\t\t\t\t<\/div>\n\t\t\t\t\t<\/div>\n\t\t\t\t<\/div>\n\t\t\t\t<\/div>\n\t\t","protected":false},"excerpt":{"rendered":"<p>LE RAMEAU Ateliers organis\u00e9s au Cabinet et interventions diverses Le Rameau \u0153uvre aussi \u00e0 restaurer l\u2019identit\u00e9 \u00e0 travers la formation [&hellip;]<\/p>\n","protected":false},"author":1,"featured_media":0,"parent":0,"menu_order":0,"comment_status":"closed","ping_status":"closed","template":"","meta":{"site-sidebar-layout":"no-sidebar","site-content-layout":"","ast-site-content-layout":"full-width-container","site-content-style":"default","site-sidebar-style":"default","ast-global-header-display":"","ast-banner-title-visibility":"","ast-main-header-display":"","ast-hfb-above-header-display":"","ast-hfb-below-header-display":"","ast-hfb-mobile-header-display":"","site-post-title":"disabled","ast-breadcrumbs-content":"","ast-featured-img":"disabled","footer-sml-layout":"","ast-disable-related-posts":"","theme-transparent-header-meta":"","adv-header-id-meta":"","stick-header-meta":"","header-above-stick-meta":"","header-main-stick-meta":"","header-below-stick-meta":"","astra-migrate-meta-layouts":"default","ast-page-background-enabled":"default","ast-page-background-meta":{"desktop":{"background-color":"var(--ast-global-color-5)","background-image":"","background-repeat":"repeat","background-position":"center center","background-size":"auto","background-attachment":"scroll","background-type":"","background-media":"","overlay-type":"","overlay-color":"","overlay-opacity":"","overlay-gradient":""},"tablet":{"background-color":"","background-image":"","background-repeat":"repeat","background-position":"center center","background-size":"auto","background-attachment":"scroll","background-type":"","background-media":"","overlay-type":"","overlay-color":"","overlay-opacity":"","overlay-gradient":""},"mobile":{"background-color":"","background-image":"","background-repeat":"repeat","background-position":"center center","background-size":"auto","background-attachment":"scroll","background-type":"","background-media":"","overlay-type":"","overlay-color":"","overlay-opacity":"","overlay-gradient":""}},"ast-content-background-meta":{"desktop":{"background-color":"var(--ast-global-color-4)","background-image":"","background-repeat":"repeat","background-position":"center center","background-size":"auto","background-attachment":"scroll","background-type":"","background-media":"","overlay-type":"","overlay-color":"","overlay-opacity":"","overlay-gradient":""},"tablet":{"background-color":"var(--ast-global-color-4)","background-image":"","background-repeat":"repeat","background-position":"center center","background-size":"auto","background-attachment":"scroll","background-type":"","background-media":"","overlay-type":"","overlay-color":"","overlay-opacity":"","overlay-gradient":""},"mobile":{"background-color":"var(--ast-global-color-4)","background-image":"","background-repeat":"repeat","background-position":"center center","background-size":"auto","background-attachment":"scroll","background-type":"","background-media":"","overlay-type":"","overlay-color":"","overlay-opacity":"","overlay-gradient":""}},"footnotes":""},"class_list":["post-634","page","type-page","status-publish","hentry"],"yoast_head":"<!-- This site is optimized with the Yoast SEO plugin v27.3 - https:\/\/yoast.com\/product\/yoast-seo-wordpress\/ -->\n<title>Autres - Le rameau<\/title>\n<meta name=\"robots\" content=\"index, follow, max-snippet:-1, max-image-preview:large, max-video-preview:-1\" \/>\n<link rel=\"canonical\" href=\"https:\/\/lerameau-psychotherapie.fr\/?page_id=634\" \/>\n<meta property=\"og:locale\" content=\"fr_FR\" \/>\n<meta property=\"og:type\" content=\"article\" \/>\n<meta property=\"og:title\" content=\"Autres - Le rameau\" \/>\n<meta property=\"og:description\" content=\"LE RAMEAU Ateliers organis\u00e9s au Cabinet et interventions diverses Le Rameau \u0153uvre aussi \u00e0 restaurer l\u2019identit\u00e9 \u00e0 travers la formation [&hellip;]\" \/>\n<meta property=\"og:url\" content=\"https:\/\/lerameau-psychotherapie.fr\/?page_id=634\" \/>\n<meta property=\"og:site_name\" content=\"Le rameau\" \/>\n<meta property=\"article:modified_time\" content=\"2026-03-07T16:09:35+00:00\" \/>\n<meta property=\"og:image\" content=\"https:\/\/lerameau-psychotherapie.fr\/wp-content\/uploads\/2025\/05\/1-1.png\" \/>\n<meta name=\"twitter:card\" content=\"summary_large_image\" \/>\n<meta name=\"twitter:label1\" content=\"Dur\u00e9e de lecture estim\u00e9e\" \/>\n\t<meta name=\"twitter:data1\" content=\"1 minute\" \/>\n<script type=\"application\/ld+json\" class=\"yoast-schema-graph\">{\"@context\":\"https:\\\/\\\/schema.org\",\"@graph\":[{\"@type\":\"WebPage\",\"@id\":\"https:\\\/\\\/lerameau-psychotherapie.fr\\\/?page_id=634\",\"url\":\"https:\\\/\\\/lerameau-psychotherapie.fr\\\/?page_id=634\",\"name\":\"Autres - Le rameau\",\"isPartOf\":{\"@id\":\"https:\\\/\\\/lerameau-psychotherapie.fr\\\/#website\"},\"primaryImageOfPage\":{\"@id\":\"https:\\\/\\\/lerameau-psychotherapie.fr\\\/?page_id=634#primaryimage\"},\"image\":{\"@id\":\"https:\\\/\\\/lerameau-psychotherapie.fr\\\/?page_id=634#primaryimage\"},\"thumbnailUrl\":\"https:\\\/\\\/lerameau-psychotherapie.fr\\\/wp-content\\\/uploads\\\/2025\\\/05\\\/1-1.png\",\"datePublished\":\"2025-09-03T14:16:57+00:00\",\"dateModified\":\"2026-03-07T16:09:35+00:00\",\"breadcrumb\":{\"@id\":\"https:\\\/\\\/lerameau-psychotherapie.fr\\\/?page_id=634#breadcrumb\"},\"inLanguage\":\"fr-FR\",\"potentialAction\":[{\"@type\":\"ReadAction\",\"target\":[\"https:\\\/\\\/lerameau-psychotherapie.fr\\\/?page_id=634\"]}]},{\"@type\":\"ImageObject\",\"inLanguage\":\"fr-FR\",\"@id\":\"https:\\\/\\\/lerameau-psychotherapie.fr\\\/?page_id=634#primaryimage\",\"url\":\"https:\\\/\\\/lerameau-psychotherapie.fr\\\/wp-content\\\/uploads\\\/2025\\\/05\\\/1-1.png\",\"contentUrl\":\"https:\\\/\\\/lerameau-psychotherapie.fr\\\/wp-content\\\/uploads\\\/2025\\\/05\\\/1-1.png\",\"width\":500,\"height\":500,\"caption\":\"colombe rameau\"},{\"@type\":\"BreadcrumbList\",\"@id\":\"https:\\\/\\\/lerameau-psychotherapie.fr\\\/?page_id=634#breadcrumb\",\"itemListElement\":[{\"@type\":\"ListItem\",\"position\":1,\"name\":\"Accueil\",\"item\":\"https:\\\/\\\/lerameau-psychotherapie.fr\\\/\"},{\"@type\":\"ListItem\",\"position\":2,\"name\":\"Autres\"}]},{\"@type\":\"WebSite\",\"@id\":\"https:\\\/\\\/lerameau-psychotherapie.fr\\\/#website\",\"url\":\"https:\\\/\\\/lerameau-psychotherapie.fr\\\/\",\"name\":\"Le rameau\",\"description\":\"Cabinet de Psychoth&eacute;rapie\",\"publisher\":{\"@id\":\"https:\\\/\\\/lerameau-psychotherapie.fr\\\/#organization\"},\"potentialAction\":[{\"@type\":\"SearchAction\",\"target\":{\"@type\":\"EntryPoint\",\"urlTemplate\":\"https:\\\/\\\/lerameau-psychotherapie.fr\\\/?s={search_term_string}\"},\"query-input\":{\"@type\":\"PropertyValueSpecification\",\"valueRequired\":true,\"valueName\":\"search_term_string\"}}],\"inLanguage\":\"fr-FR\"},{\"@type\":\"Organization\",\"@id\":\"https:\\\/\\\/lerameau-psychotherapie.fr\\\/#organization\",\"name\":\"Le rameau\",\"url\":\"https:\\\/\\\/lerameau-psychotherapie.fr\\\/\",\"logo\":{\"@type\":\"ImageObject\",\"inLanguage\":\"fr-FR\",\"@id\":\"https:\\\/\\\/lerameau-psychotherapie.fr\\\/#\\\/schema\\\/logo\\\/image\\\/\",\"url\":\"https:\\\/\\\/lerameau-psychotherapie.fr\\\/wp-content\\\/uploads\\\/2025\\\/04\\\/Sprout-1-1.png\",\"contentUrl\":\"https:\\\/\\\/lerameau-psychotherapie.fr\\\/wp-content\\\/uploads\\\/2025\\\/04\\\/Sprout-1-1.png\",\"width\":456,\"height\":300,\"caption\":\"Le rameau\"},\"image\":{\"@id\":\"https:\\\/\\\/lerameau-psychotherapie.fr\\\/#\\\/schema\\\/logo\\\/image\\\/\"}}]}<\/script>\n<!-- \/ Yoast SEO plugin. -->","yoast_head_json":{"title":"Autres - Le rameau","robots":{"index":"index","follow":"follow","max-snippet":"max-snippet:-1","max-image-preview":"max-image-preview:large","max-video-preview":"max-video-preview:-1"},"canonical":"https:\/\/lerameau-psychotherapie.fr\/?page_id=634","og_locale":"fr_FR","og_type":"article","og_title":"Autres - Le rameau","og_description":"LE RAMEAU Ateliers organis\u00e9s au Cabinet et interventions diverses Le Rameau \u0153uvre aussi \u00e0 restaurer l\u2019identit\u00e9 \u00e0 travers la formation [&hellip;]","og_url":"https:\/\/lerameau-psychotherapie.fr\/?page_id=634","og_site_name":"Le rameau","article_modified_time":"2026-03-07T16:09:35+00:00","og_image":[{"url":"https:\/\/lerameau-psychotherapie.fr\/wp-content\/uploads\/2025\/05\/1-1.png","type":"","width":"","height":""}],"twitter_card":"summary_large_image","twitter_misc":{"Dur\u00e9e de lecture estim\u00e9e":"1 minute"},"schema":{"@context":"https:\/\/schema.org","@graph":[{"@type":"WebPage","@id":"https:\/\/lerameau-psychotherapie.fr\/?page_id=634","url":"https:\/\/lerameau-psychotherapie.fr\/?page_id=634","name":"Autres - Le rameau","isPartOf":{"@id":"https:\/\/lerameau-psychotherapie.fr\/#website"},"primaryImageOfPage":{"@id":"https:\/\/lerameau-psychotherapie.fr\/?page_id=634#primaryimage"},"image":{"@id":"https:\/\/lerameau-psychotherapie.fr\/?page_id=634#primaryimage"},"thumbnailUrl":"https:\/\/lerameau-psychotherapie.fr\/wp-content\/uploads\/2025\/05\/1-1.png","datePublished":"2025-09-03T14:16:57+00:00","dateModified":"2026-03-07T16:09:35+00:00","breadcrumb":{"@id":"https:\/\/lerameau-psychotherapie.fr\/?page_id=634#breadcrumb"},"inLanguage":"fr-FR","potentialAction":[{"@type":"ReadAction","target":["https:\/\/lerameau-psychotherapie.fr\/?page_id=634"]}]},{"@type":"ImageObject","inLanguage":"fr-FR","@id":"https:\/\/lerameau-psychotherapie.fr\/?page_id=634#primaryimage","url":"https:\/\/lerameau-psychotherapie.fr\/wp-content\/uploads\/2025\/05\/1-1.png","contentUrl":"https:\/\/lerameau-psychotherapie.fr\/wp-content\/uploads\/2025\/05\/1-1.png","width":500,"height":500,"caption":"colombe rameau"},{"@type":"BreadcrumbList","@id":"https:\/\/lerameau-psychotherapie.fr\/?page_id=634#breadcrumb","itemListElement":[{"@type":"ListItem","position":1,"name":"Accueil","item":"https:\/\/lerameau-psychotherapie.fr\/"},{"@type":"ListItem","position":2,"name":"Autres"}]},{"@type":"WebSite","@id":"https:\/\/lerameau-psychotherapie.fr\/#website","url":"https:\/\/lerameau-psychotherapie.fr\/","name":"Le rameau","description":"Cabinet de Psychoth&eacute;rapie","publisher":{"@id":"https:\/\/lerameau-psychotherapie.fr\/#organization"},"potentialAction":[{"@type":"SearchAction","target":{"@type":"EntryPoint","urlTemplate":"https:\/\/lerameau-psychotherapie.fr\/?s={search_term_string}"},"query-input":{"@type":"PropertyValueSpecification","valueRequired":true,"valueName":"search_term_string"}}],"inLanguage":"fr-FR"},{"@type":"Organization","@id":"https:\/\/lerameau-psychotherapie.fr\/#organization","name":"Le rameau","url":"https:\/\/lerameau-psychotherapie.fr\/","logo":{"@type":"ImageObject","inLanguage":"fr-FR","@id":"https:\/\/lerameau-psychotherapie.fr\/#\/schema\/logo\/image\/","url":"https:\/\/lerameau-psychotherapie.fr\/wp-content\/uploads\/2025\/04\/Sprout-1-1.png","contentUrl":"https:\/\/lerameau-psychotherapie.fr\/wp-content\/uploads\/2025\/04\/Sprout-1-1.png","width":456,"height":300,"caption":"Le rameau"},"image":{"@id":"https:\/\/lerameau-psychotherapie.fr\/#\/schema\/logo\/image\/"}}]}},"_links":{"self":[{"href":"https:\/\/lerameau-psychotherapie.fr\/index.php?rest_route=\/wp\/v2\/pages\/634","targetHints":{"allow":["GET"]}}],"collection":[{"href":"https:\/\/lerameau-psychotherapie.fr\/index.php?rest_route=\/wp\/v2\/pages"}],"about":[{"href":"https:\/\/lerameau-psychotherapie.fr\/index.php?rest_route=\/wp\/v2\/types\/page"}],"author":[{"embeddable":true,"href":"https:\/\/lerameau-psychotherapie.fr\/index.php?rest_route=\/wp\/v2\/users\/1"}],"replies":[{"embeddable":true,"href":"https:\/\/lerameau-psychotherapie.fr\/index.php?rest_route=%2Fwp%2Fv2%2Fcomments&post=634"}],"version-history":[{"count":26,"href":"https:\/\/lerameau-psychotherapie.fr\/index.php?rest_route=\/wp\/v2\/pages\/634\/revisions"}],"predecessor-version":[{"id":691,"href":"https:\/\/lerameau-psychotherapie.fr\/index.php?rest_route=\/wp\/v2\/pages\/634\/revisions\/691"}],"wp:attachment":[{"href":"https:\/\/lerameau-psychotherapie.fr\/index.php?rest_route=%2Fwp%2Fv2%2Fmedia&parent=634"}],"curies":[{"name":"wp","href":"https:\/\/api.w.org\/{rel}","templated":true}]}}