{"id":117,"date":"2025-04-21T15:11:47","date_gmt":"2025-04-21T15:11:47","guid":{"rendered":"https:\/\/lerameau-psychotherapie.fr\/?page_id=117"},"modified":"2025-05-05T12:49:53","modified_gmt":"2025-05-05T12:49:53","slug":"mentions-legales","status":"publish","type":"page","link":"https:\/\/lerameau-psychotherapie.fr\/?page_id=117","title":{"rendered":"Mentions l\u00e9gales"},"content":{"rendered":"\t\t<div data-elementor-type=\"wp-page\" data-elementor-id=\"117\" class=\"elementor elementor-117\" data-elementor-post-type=\"page\">\n\t\t\t\t<div class=\"elementor-element elementor-element-0d6e912 e-flex e-con-boxed e-con e-parent\" data-id=\"0d6e912\" data-element_type=\"container\" data-e-type=\"container\">\n\t\t\t\t\t<div class=\"e-con-inner\">\n\t\t<div class=\"elementor-element elementor-element-e20527e e-con-full e-flex e-con e-child\" data-id=\"e20527e\" data-element_type=\"container\" data-e-type=\"container\">\n\t\t\t\t<div class=\"elementor-element elementor-element-16917d4 elementor-widget elementor-widget-heading\" data-id=\"16917d4\" data-element_type=\"widget\" data-e-type=\"widget\" data-widget_type=\"heading.default\">\n\t\t\t\t<div class=\"elementor-widget-container\">\n\t\t\t\t\t<h1 class=\"elementor-heading-title elementor-size-default\">Mentions l\u00e9gales<\/h1>\t\t\t\t<\/div>\n\t\t\t\t<\/div>\n\t\t\t\t<\/div>\n\t\t\t\t<div class=\"elementor-element elementor-element-b85abb5 elementor-widget elementor-widget-text-editor\" data-id=\"b85abb5\" data-element_type=\"widget\" data-e-type=\"widget\" data-widget_type=\"text-editor.default\">\n\t\t\t\t<div class=\"elementor-widget-container\">\n\t\t\t\t\t\t\t\t\t<p class=\"\" data-start=\"142\" data-end=\"389\">\u00c9dition du site Internet<br \/>Le site lerameau-psychotherapie.fr, accessible a\u0300 l\u2019adresse https:\/\/lerameau-psychotherapie.fr\/ est e\u0301dite\u0301 par Christine Androuin.<\/p><p>H\u00e9bergeur du site Internet<br \/>Le Site est he\u0301berge\u0301 par o2switch, EURL au capital de 100 000 euros, dont le sie\u0300ge social est situe\u0301 224 Boulevard Gustave Flaubert, 63000 Clermont-Ferrand, France, joignable par le moyen suivant : 0444446040.<\/p><p>Respect de la propri\u00e9t\u00e9 intellectuelle<br \/>Toutes les marques, photographies, textes, commentaires, illustrations, images anime\u0301es ou non, se\u0301quences vide\u0301o, sons, ainsi que toutes les applications informatiques qui pourraient e\u0302tre utilise\u0301es pour faire fonctionner le Site et plus ge\u0301ne\u0301ralement tous les e\u0301le\u0301ments reproduits ou utilise\u0301s sur le Site sont prote\u0301ge\u0301s par les lois en vigueur au titre de la proprie\u0301te\u0301 intellectuelle.<\/p><p>Ils sont la proprie\u0301te\u0301 pleine et entie\u0300re de l\u2019Editeur ou de ses partenaires, sauf mentions particulie\u0300res. Toute reproduction, repre\u0301sentation, utilisation ou adaptation, sous quelque forme que ce soit, de tout ou partie de ces e\u0301le\u0301ments, y compris les applications informatiques, sans l\u2019accord pre\u0301alable et e\u0301crit de l\u2019Editeur, sont strictement interdites. Le fait pour l\u2019Editeur de ne pas engager de proce\u0301dure de\u0300s la prise de connaissance de ces utilisations non autorise\u0301es ne vaut pas acceptation desdites utilisations et renonciation aux poursuites.<\/p><p>Seule l\u2019utilisation pour un usage prive\u0301 dans un cercle de famille est autorise\u0301e et toute autre utilisation est constitutive de contrefac\u0327on et\/ou d\u2019atteinte aux droits voisins, sanctionne\u0301es par Code de la proprie\u0301te\u0301 intellectuelle.<\/p><p>La reprise de tout ou partie de ce contenu ne\u0301cessite l\u2019autorisation pre\u0301alable de l\u2019Editeur ou du titulaire des droits sur ce contenu.<\/p><p>Liens hypertextes<br \/>Le Site peut contenir des liens hypertexte donnant acce\u0300s a\u0300 d\u2019autres sites web e\u0301dite\u0301s et ge\u0301re\u0301s par des tiers et non par l\u2019Editeur. L\u2019Editeur ne pourra e\u0302tre tenu responsable directement ou indirectement dans le cas ou\u0300 lesdits sites tiers ne respecteraient pas les dispositions le\u0301gales.\u00a0<\/p><p>Concepteur et r\u00e9alisateur du site<br \/>Heckly Christopher dont le si\u00e8ge social est situ\u00e9 \u00e0 Strasbourg<br \/>Adresse mail : Hecklychristopher@gmail.com<br \/>Site internet : <a href=\"https:\/\/heckly-christopher.fr\/\">Heckly-christopher.fr\u00a0<\/a><\/p>\t\t\t\t\t\t\t\t<\/div>\n\t\t\t\t<\/div>\n\t\t\t\t\t<\/div>\n\t\t\t\t<\/div>\n\t\t\t\t<\/div>\n\t\t","protected":false},"excerpt":{"rendered":"<p>Mentions l\u00e9gales \u00c9dition du site InternetLe site lerameau-psychotherapie.fr, accessible a\u0300 l\u2019adresse https:\/\/lerameau-psychotherapie.fr\/ est e\u0301dite\u0301 par Christine Androuin. H\u00e9bergeur du site [&hellip;]<\/p>\n","protected":false},"author":1,"featured_media":0,"parent":0,"menu_order":0,"comment_status":"closed","ping_status":"closed","template":"","meta":{"site-sidebar-layout":"no-sidebar","site-content-layout":"","ast-site-content-layout":"full-width-container","site-content-style":"default","site-sidebar-style":"default","ast-global-header-display":"","ast-banner-title-visibility":"","ast-main-header-display":"","ast-hfb-above-header-display":"","ast-hfb-below-header-display":"","ast-hfb-mobile-header-display":"","site-post-title":"disabled","ast-breadcrumbs-content":"","ast-featured-img":"disabled","footer-sml-layout":"","ast-disable-related-posts":"","theme-transparent-header-meta":"","adv-header-id-meta":"","stick-header-meta":"","header-above-stick-meta":"","header-main-stick-meta":"","header-below-stick-meta":"","astra-migrate-meta-layouts":"default","ast-page-background-enabled":"default","ast-page-background-meta":{"desktop":{"background-color":"var(--ast-global-color-5)","background-image":"","background-repeat":"repeat","background-position":"center center","background-size":"auto","background-attachment":"scroll","background-type":"","background-media":"","overlay-type":"","overlay-color":"","overlay-opacity":"","overlay-gradient":""},"tablet":{"background-color":"","background-image":"","background-repeat":"repeat","background-position":"center center","background-size":"auto","background-attachment":"scroll","background-type":"","background-media":"","overlay-type":"","overlay-color":"","overlay-opacity":"","overlay-gradient":""},"mobile":{"background-color":"","background-image":"","background-repeat":"repeat","background-position":"center center","background-size":"auto","background-attachment":"scroll","background-type":"","background-media":"","overlay-type":"","overlay-color":"","overlay-opacity":"","overlay-gradient":""}},"ast-content-background-meta":{"desktop":{"background-color":"var(--ast-global-color-4)","background-image":"","background-repeat":"repeat","background-position":"center center","background-size":"auto","background-attachment":"scroll","background-type":"","background-media":"","overlay-type":"","overlay-color":"","overlay-opacity":"","overlay-gradient":""},"tablet":{"background-color":"var(--ast-global-color-4)","background-image":"","background-repeat":"repeat","background-position":"center center","background-size":"auto","background-attachment":"scroll","background-type":"","background-media":"","overlay-type":"","overlay-color":"","overlay-opacity":"","overlay-gradient":""},"mobile":{"background-color":"var(--ast-global-color-4)","background-image":"","background-repeat":"repeat","background-position":"center center","background-size":"auto","background-attachment":"scroll","background-type":"","background-media":"","overlay-type":"","overlay-color":"","overlay-opacity":"","overlay-gradient":""}},"footnotes":""},"class_list":["post-117","page","type-page","status-publish","hentry"],"yoast_head":"<!-- This site is optimized with the Yoast SEO plugin v27.3 - https:\/\/yoast.com\/product\/yoast-seo-wordpress\/ -->\n<title>Mentions l\u00e9gales - Le rameau<\/title>\n<meta name=\"robots\" content=\"noindex, nofollow\" \/>\n<meta property=\"og:locale\" content=\"fr_FR\" \/>\n<meta property=\"og:type\" content=\"article\" \/>\n<meta property=\"og:title\" content=\"Mentions l\u00e9gales - Le rameau\" \/>\n<meta property=\"og:description\" content=\"Mentions l\u00e9gales \u00c9dition du site InternetLe site lerameau-psychotherapie.fr, accessible a\u0300 l\u2019adresse https:\/\/lerameau-psychotherapie.fr\/ est e\u0301dite\u0301 par Christine Androuin. H\u00e9bergeur du site [&hellip;]\" \/>\n<meta property=\"og:url\" content=\"https:\/\/lerameau-psychotherapie.fr\/?page_id=117\" \/>\n<meta property=\"og:site_name\" content=\"Le rameau\" \/>\n<meta property=\"article:modified_time\" content=\"2025-05-05T12:49:53+00:00\" \/>\n<meta name=\"twitter:card\" content=\"summary_large_image\" \/>\n<meta name=\"twitter:label1\" content=\"Dur\u00e9e de lecture estim\u00e9e\" \/>\n\t<meta name=\"twitter:data1\" content=\"2 minutes\" \/>\n<script type=\"application\/ld+json\" class=\"yoast-schema-graph\">{\"@context\":\"https:\\\/\\\/schema.org\",\"@graph\":[{\"@type\":\"WebPage\",\"@id\":\"https:\\\/\\\/lerameau-psychotherapie.fr\\\/?page_id=117\",\"url\":\"https:\\\/\\\/lerameau-psychotherapie.fr\\\/?page_id=117\",\"name\":\"Mentions l\u00e9gales - Le rameau\",\"isPartOf\":{\"@id\":\"https:\\\/\\\/lerameau-psychotherapie.fr\\\/#website\"},\"datePublished\":\"2025-04-21T15:11:47+00:00\",\"dateModified\":\"2025-05-05T12:49:53+00:00\",\"breadcrumb\":{\"@id\":\"https:\\\/\\\/lerameau-psychotherapie.fr\\\/?page_id=117#breadcrumb\"},\"inLanguage\":\"fr-FR\",\"potentialAction\":[{\"@type\":\"ReadAction\",\"target\":[\"https:\\\/\\\/lerameau-psychotherapie.fr\\\/?page_id=117\"]}]},{\"@type\":\"BreadcrumbList\",\"@id\":\"https:\\\/\\\/lerameau-psychotherapie.fr\\\/?page_id=117#breadcrumb\",\"itemListElement\":[{\"@type\":\"ListItem\",\"position\":1,\"name\":\"Accueil\",\"item\":\"https:\\\/\\\/lerameau-psychotherapie.fr\\\/\"},{\"@type\":\"ListItem\",\"position\":2,\"name\":\"Mentions l\u00e9gales\"}]},{\"@type\":\"WebSite\",\"@id\":\"https:\\\/\\\/lerameau-psychotherapie.fr\\\/#website\",\"url\":\"https:\\\/\\\/lerameau-psychotherapie.fr\\\/\",\"name\":\"Le rameau\",\"description\":\"Cabinet de Psychoth&eacute;rapie\",\"publisher\":{\"@id\":\"https:\\\/\\\/lerameau-psychotherapie.fr\\\/#organization\"},\"potentialAction\":[{\"@type\":\"SearchAction\",\"target\":{\"@type\":\"EntryPoint\",\"urlTemplate\":\"https:\\\/\\\/lerameau-psychotherapie.fr\\\/?s={search_term_string}\"},\"query-input\":{\"@type\":\"PropertyValueSpecification\",\"valueRequired\":true,\"valueName\":\"search_term_string\"}}],\"inLanguage\":\"fr-FR\"},{\"@type\":\"Organization\",\"@id\":\"https:\\\/\\\/lerameau-psychotherapie.fr\\\/#organization\",\"name\":\"Le rameau\",\"url\":\"https:\\\/\\\/lerameau-psychotherapie.fr\\\/\",\"logo\":{\"@type\":\"ImageObject\",\"inLanguage\":\"fr-FR\",\"@id\":\"https:\\\/\\\/lerameau-psychotherapie.fr\\\/#\\\/schema\\\/logo\\\/image\\\/\",\"url\":\"https:\\\/\\\/lerameau-psychotherapie.fr\\\/wp-content\\\/uploads\\\/2025\\\/04\\\/Sprout-1-1.png\",\"contentUrl\":\"https:\\\/\\\/lerameau-psychotherapie.fr\\\/wp-content\\\/uploads\\\/2025\\\/04\\\/Sprout-1-1.png\",\"width\":456,\"height\":300,\"caption\":\"Le rameau\"},\"image\":{\"@id\":\"https:\\\/\\\/lerameau-psychotherapie.fr\\\/#\\\/schema\\\/logo\\\/image\\\/\"}}]}<\/script>\n<!-- \/ Yoast SEO plugin. -->","yoast_head_json":{"title":"Mentions l\u00e9gales - Le rameau","robots":{"index":"noindex","follow":"nofollow"},"og_locale":"fr_FR","og_type":"article","og_title":"Mentions l\u00e9gales - Le rameau","og_description":"Mentions l\u00e9gales \u00c9dition du site InternetLe site lerameau-psychotherapie.fr, accessible a\u0300 l\u2019adresse https:\/\/lerameau-psychotherapie.fr\/ est e\u0301dite\u0301 par Christine Androuin. H\u00e9bergeur du site [&hellip;]","og_url":"https:\/\/lerameau-psychotherapie.fr\/?page_id=117","og_site_name":"Le rameau","article_modified_time":"2025-05-05T12:49:53+00:00","twitter_card":"summary_large_image","twitter_misc":{"Dur\u00e9e de lecture estim\u00e9e":"2 minutes"},"schema":{"@context":"https:\/\/schema.org","@graph":[{"@type":"WebPage","@id":"https:\/\/lerameau-psychotherapie.fr\/?page_id=117","url":"https:\/\/lerameau-psychotherapie.fr\/?page_id=117","name":"Mentions l\u00e9gales - Le rameau","isPartOf":{"@id":"https:\/\/lerameau-psychotherapie.fr\/#website"},"datePublished":"2025-04-21T15:11:47+00:00","dateModified":"2025-05-05T12:49:53+00:00","breadcrumb":{"@id":"https:\/\/lerameau-psychotherapie.fr\/?page_id=117#breadcrumb"},"inLanguage":"fr-FR","potentialAction":[{"@type":"ReadAction","target":["https:\/\/lerameau-psychotherapie.fr\/?page_id=117"]}]},{"@type":"BreadcrumbList","@id":"https:\/\/lerameau-psychotherapie.fr\/?page_id=117#breadcrumb","itemListElement":[{"@type":"ListItem","position":1,"name":"Accueil","item":"https:\/\/lerameau-psychotherapie.fr\/"},{"@type":"ListItem","position":2,"name":"Mentions l\u00e9gales"}]},{"@type":"WebSite","@id":"https:\/\/lerameau-psychotherapie.fr\/#website","url":"https:\/\/lerameau-psychotherapie.fr\/","name":"Le rameau","description":"Cabinet de Psychoth&eacute;rapie","publisher":{"@id":"https:\/\/lerameau-psychotherapie.fr\/#organization"},"potentialAction":[{"@type":"SearchAction","target":{"@type":"EntryPoint","urlTemplate":"https:\/\/lerameau-psychotherapie.fr\/?s={search_term_string}"},"query-input":{"@type":"PropertyValueSpecification","valueRequired":true,"valueName":"search_term_string"}}],"inLanguage":"fr-FR"},{"@type":"Organization","@id":"https:\/\/lerameau-psychotherapie.fr\/#organization","name":"Le rameau","url":"https:\/\/lerameau-psychotherapie.fr\/","logo":{"@type":"ImageObject","inLanguage":"fr-FR","@id":"https:\/\/lerameau-psychotherapie.fr\/#\/schema\/logo\/image\/","url":"https:\/\/lerameau-psychotherapie.fr\/wp-content\/uploads\/2025\/04\/Sprout-1-1.png","contentUrl":"https:\/\/lerameau-psychotherapie.fr\/wp-content\/uploads\/2025\/04\/Sprout-1-1.png","width":456,"height":300,"caption":"Le rameau"},"image":{"@id":"https:\/\/lerameau-psychotherapie.fr\/#\/schema\/logo\/image\/"}}]}},"_links":{"self":[{"href":"https:\/\/lerameau-psychotherapie.fr\/index.php?rest_route=\/wp\/v2\/pages\/117","targetHints":{"allow":["GET"]}}],"collection":[{"href":"https:\/\/lerameau-psychotherapie.fr\/index.php?rest_route=\/wp\/v2\/pages"}],"about":[{"href":"https:\/\/lerameau-psychotherapie.fr\/index.php?rest_route=\/wp\/v2\/types\/page"}],"author":[{"embeddable":true,"href":"https:\/\/lerameau-psychotherapie.fr\/index.php?rest_route=\/wp\/v2\/users\/1"}],"replies":[{"embeddable":true,"href":"https:\/\/lerameau-psychotherapie.fr\/index.php?rest_route=%2Fwp%2Fv2%2Fcomments&post=117"}],"version-history":[{"count":13,"href":"https:\/\/lerameau-psychotherapie.fr\/index.php?rest_route=\/wp\/v2\/pages\/117\/revisions"}],"predecessor-version":[{"id":270,"href":"https:\/\/lerameau-psychotherapie.fr\/index.php?rest_route=\/wp\/v2\/pages\/117\/revisions\/270"}],"wp:attachment":[{"href":"https:\/\/lerameau-psychotherapie.fr\/index.php?rest_route=%2Fwp%2Fv2%2Fmedia&parent=117"}],"curies":[{"name":"wp","href":"https:\/\/api.w.org\/{rel}","templated":true}]}}